448?
2
What is the hundreds digit of 2763?
7
What is the ten thousands digit of 28119?
2
What is the thousands digit of 5044?
5
What is the hundreds digit of 4388?
3
What is the units digit of 6527?
7
What is the units digit of 77538?
8
What is the tens digit of 1550?
5
What is the ten thousands digit of 70288?
7
What is the tens digit of 39553?
5
What is the units digit of 1479?
9
What is the thousands digit of 1897?
1
What is the tens digit of 8332?
3
What is the units digit of 1368?
8
What is the ten thousands digit of 24946?
2
What is the tens digit of 13391?
9
What is the tens digit of 19107?
0
What is the tens digit of 1438?
3
What is the units digit of 1821?
1
What is the thousands digit of 85313?
5
What is the tens digit of 7912?
1
What is the hundreds digit of 101636?
6
What is the ten thousands digit of 42366?
4
What is the tens digit of 873?
7
What is the tens digit of 5997?
9
What is the tens digit of 49171?
7
What is the hundreds digit of 1504?
5
What is the units digit of 2889?
9
What is the hundred thousands digit of 128494?
1
What is the hundreds digit of 27561?
5
What is the tens digit of 593?
9
What is the units digit of 38136?
6
What is the thousands digit of 6400?
6
What is the thousands digit of 1072?
1
What is the tens digit of 42025?
2
What is the hundreds digit of 761?
7
What is the tens digit of 172?
7
What is the ten thousands digit of 165834?
6
What is the hundreds digit of 15665?
6
What is the hundreds digit of 975?
9
What is the units digit of 1346?
6
What is the units digit of 771?
1
What is the tens digit of 2058?
5
What is the units digit of 287?
7
What is the hundreds digit of 18555?
5
What is the ten thousands digit of 14118?
1
What is the hundreds digit of 4458?
4
What is the units digit of 51256?
6
What is the units digit of 5?
5
What is the tens digit of 20128?
2
What is the thousands digit of 2996?
2
What is the tens digit of 26959?
5
What is the units digit of 6001?
1
What is the tens digit of 399?
9
What is the thousands digit of 37481?
7
What is the units digit of 8585?
5
What is the tens digit of 1109?
0
What is the units digit of 4001?
1
What is the hundreds digit of 5957?
9
What is the tens digit of 54262?
6
What is the units digit of 662?
2
What is the units digit of 89?
9
What is the ten thousands digit of 20797?
2
What is the hundreds digit of 189?
1
What is the hundreds digit of 5309?
3
What is the units digit of 1836?
6
What is the tens digit of 6265?
6
What is the hundreds digit of 9419?
4
What is the units digit of 94527?
7
What is the units digit of 1443?
3
What is the units digit of 15632?
2
What is the units digit of 91743?
3
What is the hundreds digit of 3819?
8
What is the ten thousands digit of 26260?
2
What is the tens digit of 43822?
2
What is the tens digit of 890?
9
What is the thousands digit of 16943?
6
What is the hundreds digit of 2546?
5
What is the units digit of 13411?
1
What is the hundreds digit of 168363?
3
What is the units digit of 49793?
3
What is the units digit of 12275?
5
What is the ten thousands digit of 14162?
1
What is the thousands digit of 1912?
1
What is the tens digit of 159370?
7
What is the units digit of 9522?
2
What is the tens digit of 101186?
8
What is the thousands digit of 2624?
2
What is the thousands digit of 2676?
2
What is the hundreds digit of 13935?
9
What is the tens digit of 989?
8
What is the tens digit of 27381?
8
What is the units digit of 37526?
6
What is the tens digit of 22039?
3
What is the units digit of 8316?
6
What is the tens digit of 6377?
7
What is the tens digit of 3758?
5
What is the ten thousands digit of 24379?
2
What is the hundreds digit of 651?
6
What is the ten thousands digit of 41880?
4
What is the units digit of 7713?
3
What is the units digit of 4811?
1
What is the hundreds digit of 1054?
0
What is the tens digit of 40124?
2
What is the thousands digit of 3176?
3
What is the hundreds digit of 20247?
2
What is the ten thousands digit of 18479?
1
What is the units digit of 980?
0
What is the tens digit of 1861?
6
What is the ten thousands digit of 31192?
3
What is the units digit of 1721?
1
What is the thousands digit of 1452?
1
What is the units digit of 1535?
5
What is the units digit of 2504?
4
What is the tens digit of 12775?
7
What is the tens digit of 11739?
3
What is the hundreds digit of 389?
3
What is the tens digit of 22199?
9
What is the hundreds digit of 27258?
2
What is the units digit of 2935?
5
What is the tens digit of 1058?
5
What is the tens digit of 49945?
4
What is the ten thousands digit of 27308?
2
What is the units digit of 3218?
8
What is the units digit of 25854?
4
What is the ten thousands digit of 11948?
1
What is the hundreds digit of 33925?
9
What is the hundreds digit of 1235?
2
What is the thousands digit of 20097?
0
What is the units digit of 107072?
2
What is the tens digit of 1154?
5
What is the tens digit of 1228?
2
What is the units digit of 12716?
6
What is the thousands digit of 4677?
4
What is the tens digit of 794?
9
What is the units digit of 685?
5
What is the units digit of 117?
7
What is the units digit of 48596?
6
What is the hundreds digit of 1209?
2
What is the thousands digit of 29963?
9
What is the thousands digit of 1024?
1
What is the units digit of 84650?
0
What is the thousands digit of 1750?
1
What is the tens digit of 4737?
3
What is the tens digit of 9164?
6
What is the tens digit of 615?
1
What is the hundreds digit of 753?
7
What is the units digit of 35230?
0
What is the units digit of 2787?
7
What is the hundreds digit of 1157?
1
What is the units digit of 1710?
0
What is the hundreds digit of 1736?
7
What is the tens digit of 311?
1
What is the tens digit of 803?
0
What is the thousands digit of 12799?
2
What is the hundred thousands digit of 120760?
1
What is the tens digit of 10521?
2
What is the units digit of 1592?
2
What is the hundreds digit of 35935?
9
What is the thousands digit of 2777?
2
What is the tens digit of 55239?
3
What is the units digit of 106297?
7
What is the hundreds digit of 15551?
5
What is the thousands digit of 7521?
7
What is the tens digit of 72538?
3
What is the hundreds digit of 2008?
0
What is the units digit of 159382?
2
What is the tens digit of 9050?
5
What is the ten thousands digit of 50805?
5
What is the thousands digit of 19468?
9
What is the hundreds digit of 8979?
9
What is the ten thousands digit of 10795?
1
What is the tens digit of 4646?
4
What is the thousands digit of 5938?
5
What is the hundreds digit of 387?
3
What is the tens digit of 32214?
1
What is the hundreds digit of 937?
9
What is the tens digit of 39699?
9
What is the tens digit of 12779?
7
What is the thousands digit of 2939?
2
What is the units digit of 3493?
3
What is the units digit of 761?
1
What is the tens digit of 14538?
3
What is the tens digit of 3570?
7
What is the hundreds digit of 18239?
2
What is the units digit of 10491?
1
What is the tens digit of 17732?
3
What is the tens digit of 18732?
3
What is the units digit of 9931?
1
What is the tens digit of 1730?
3
What is the ten thousands digit of 37419?
3
What is the hundreds digit of 399?
3
What is the thousands digit of 41116?
1
What is the units digit of 118473?
3
What is the hundreds digit of 1536?
5
What is the units digit of 768?
8
What is the tens digit of 9473?
7
What is the tens digit of 3241?
4
What is the units digit of 61880?
0
What is the tens digit of 7586?
8
What is the hundreds digit of 986?
9
What is the tens digit of 40215?
1
What is the units digit of 30272?
2
What is the thousands digit of 1763?
1
What is the tens digit of 5673?
7
What is the hundreds digit of 162586?
5
What is the units digit of 1932?
2
What is the thousands digit of 8941?
8
What is the thousands digit of 1090?
1
What is the tens digit of 6271?
7
What is the hundreds digit of 19238?
2
What is the tens digit of 869?
6
What is the units digit of 12111?
1
What is the tens digit of 79?
7
What is the hundred thousands digit of 137055?
1
What is the ten thousands digit of 37209?
3
What is the hundreds digit of 959?
9
What is the tens digit of 121694?
9
What is the hundreds digit of 381?
3
What is the thousands digit of 3298?
3
What is the ten thousands digit of 27397?
2
What is the tens digit of 2776?
7
What 